{"id":432,"date":"2012-06-09T13:24:19","date_gmt":"2012-06-09T11:24:19","guid":{"rendered":"https:\/\/www.canal-literatura.com\/Apoesia7\/?page_id=432"},"modified":"2012-06-11T19:08:28","modified_gmt":"2012-06-11T17:08:28","slug":"entrevista-a-mari-cruz-aguera","status":"publish","type":"page","link":"https:\/\/www.canal-literatura.com\/Apoesia7\/entrevista-a-mari-cruz-aguera\/","title":{"rendered":"Entrevista a Mari Cruz Ag\u00fcera"},"content":{"rendered":"<p style=\"text-align: center;\"><strong>\u00abSer certero con las palabras es lo m\u00e1s complicado y, cuando se consigue, lo m\u00e1s reconfortante.\u00bb<\/strong><\/p>\n<p style=\"text-align: justify;\">\u00a0<img loading=\"lazy\" decoding=\"async\" class=\"aligncenter\" title=\"Mari Cruz Ag\u00fcera\" src=\"https:\/\/www.canal-literatura.com\/Apoesia7\/images\/Cruz-Aguera-2012.jpg\" alt=\"Mari Cruz Ag\u00fcera\" width=\"400\" height=\"300\" \/><strong>Mari Cruz Ag\u00fcera<\/strong> respira poes\u00eda por cada poro de su piel y sabe trasmitir esa pasi\u00f3n cuando recita y se iluminan sus ojos con un brillo especial. Su sonrisa abierta y generosa es una invitaci\u00f3n sincera a adentrarse en ese p\u00e1lpito po\u00e9tico creador que ella nos brinda en hermosos y cuidados poemas plenos de sensibilidad y que nos muestran la vida con todos sus matices.<\/p>\n<p style=\"text-align: justify;\">Como habitante de Canal Literatura desde sus inicios, es una internauta experta que comprende muy bien el medio virtual y tambi\u00e9n el formato de este certamen.<\/p>\n<p style=\"text-align: justify;\"><strong>Mari Cruz Ag\u00fcera<\/strong> fue finalista en la segunda edici\u00f3n y segundo premio del<a href=\"https:\/\/www.canal-literatura.com\/Apoesia3\/\" target=\"_blank\"> III Certamen \u201cPoemas sin Rostro\u201d2007<\/a> con el poema <a href=\"https:\/\/www.canal-literatura.com\/Apoesia3\/Palabras_inutiles.html\" target=\"_blank\">\u00abPalabras in\u00fatiles\u00bb<\/a>. Ha formado parte del grupo de lectura en alguna ocasi\u00f3n y muchos de vosotros la conoc\u00e9is ya que asisti\u00f3 a la <a href=\"https:\/\/www.canal-literatura.com\/Fotospremios2008.html\" target=\"_blank\">entrega de premios del a\u00f1o 2008<\/a>. Mari Cruz ha aceptado este reto con \u00e1nimo de colaborar en este certamen y con el cari\u00f1o que siempre a demostrado a Canal literatura y, para nosotros, es un honor contar con ella en esta s\u00e9ptima edici\u00f3n.<\/p>\n<p style=\"text-align: center;\">\u00a0<strong>Biograf\u00eda<\/strong><\/p>\n<p style=\"text-align: justify;\"><strong>Mari Cruz Ag\u00fcera<\/strong> naci\u00f3 en Puerto de Mazarr\u00f3n (Murcia) en 1967, poeta vocacional y autodidacta, ha sido dos veces ganadora del primer premio de poes\u00eda Universidad Popular de Mazarr\u00f3n (1994 y 2004), ha recibido el Premio al mejor soneto en el certamen provincial &#8216;Cuadernos Culturales Monroy&#8217; (Cartagena 2005) y el Premio al mejor poeta en el mismo certamen (2006).<\/p>\n<p style=\"text-align: justify;\">Por otro lado, recibi\u00f3 el premio Mar\u00eda del Villar (2006) por su libro &#8216;El hilo fr\u00e1gil&#8217;, el premio &#8216;Juan Cervera&#8217; (2007), primer premio en el certamen &#8216;Plumier de versos&#8217; (2007) de la Editorial Nu\u00f1o con el poemario &#8216;Traves\u00eda de n\u00e1ufrago&#8217;, o el <strong>2\u00ba Premio en el certamen &#8216;Poemas sin Rostro&#8217; del Canal Literatura (2007).<\/strong><\/p>\n<p style=\"text-align: center;\"><strong>Entrevista\u00a0<\/strong><\/p>\n<p style=\"text-align: center;\"><span style=\"color: #800000;\">Pregunta obligada. Podr\u00eda decirnos, seg\u00fan usted, \u00bfqu\u00e9 significa el t\u00e9rmino literatura?<\/span><\/p>\n<p style=\"text-align: justify;\">Para m\u00ed la literatura es tanto una forma de b\u00fasqueda como de encuentro a trav\u00e9s del lenguaje.<\/p>\n<ul style=\"text-align: justify;\">\n<li><span style=\"color: #800000;\">\u00bfQu\u00e9 relaci\u00f3n tiene con Internet y desde cu\u00e1ndo?<\/span><\/li>\n<\/ul>\n<p style=\"text-align: justify;\">Con Internet tengo una relaci\u00f3n estable casi desde sus inicios, lo que al principio fue una curiosidad se ha convertido en una herramienta indispensable para mi trabajo y en mi principal medio de comunicaci\u00f3n.<\/p>\n<ul style=\"text-align: justify;\">\n<li><span style=\"color: #800000;\">\u00bfQu\u00e9 opina de la Red y de \u00e9sta como soporte literario?<\/span><\/li>\n<\/ul>\n<p style=\"text-align: justify;\">Para los que vivimos en lugares algo aislados es sin duda una ventana que nos acerca al mundo, tambi\u00e9n, por supuesto, a la literatura. Como medio de difusi\u00f3n de una obra creo que ha sido un gran avance.<\/p>\n<p style=\"text-align: justify;\"><span style=\"color: #800000;\">\u00bfQu\u00e9 cree que debe competir, el soporte o el contenido?<\/span><\/p>\n<p style=\"text-align: justify;\">No creo que sea una cuesti\u00f3n de competencia si no de convivencia, personalmente me interesan los contenidos m\u00e1s que el soporte.<\/p>\n<ul style=\"text-align: justify;\">\n<li><span style=\"color: #800000;\">\u00bfC\u00f3mo se inicio en la poes\u00eda?<\/span><\/li>\n<\/ul>\n<p style=\"text-align: justify;\">No creo que yo me iniciase en la poes\u00eda, mas bien fue la poes\u00eda la que se inici\u00f3 en m\u00ed desde muy peque\u00f1a, lo \u00fanico que yo hice fue dejar que se abriese camino dentro de m\u00ed y darle las herramientas para hacerlo.<\/p>\n<ul style=\"text-align: justify;\">\n<li><span style=\"color: #800000;\">Concurs\u00f3 en dos de primeras ediciones del certamen \u201cPoemas sin Rostro\u201d \u00bfQu\u00e9 motivo valor\u00f3 para presentarse?<\/span><\/li>\n<\/ul>\n<p style=\"text-align: justify;\">Sobre todo lo abierto y sencillo que era participar en \u00e9l.<\/p>\n<ul style=\"text-align: justify;\">\n<li><span style=\"color: #800000;\">Tambi\u00e9n asisti\u00f3 a la entrega de Premios 2008 para recoger el segundo premio \u00bfC\u00f3mo fue su experiencia en el contacto personal con el jurado y con otros participantes?<\/span><\/li>\n<\/ul>\n<p style=\"text-align: justify;\">Fue un encuentro entra\u00f1able, poner por fin rostro a personas con las que hab\u00eda intercambiado opiniones y charlas literarias de forma virtual, y una experiencia enriquecedora el contacto con poetas de la talla de S\u00e1nchez Rosillo y Vicente Gallego.<\/p>\n<ul style=\"text-align: justify;\">\n<li><span style=\"color: #800000;\">\u00bfCree que la relaci\u00f3n en la web durante el certamen facilita el contacto con otros poetas del mundo?<\/span><\/li>\n<\/ul>\n<p style=\"text-align: justify;\">Creo que el certamen tal como est\u00e1 concebido facilita el contacto entre aquellos que lo deseen.<\/p>\n<ul style=\"text-align: justify;\">\n<li>\u00bf<span style=\"color: #800000;\">C\u00f3mo decide que lo que quiere expresar\u00a0 tome forma en prosa o en poes\u00eda? O s\u00f3lo escribe poemas?<\/span><\/li>\n<\/ul>\n<p style=\"text-align: justify;\">S\u00f3lo escribo poes\u00eda, hasta la lista de la compra me cuesta hacerla en prosa, pero en cualquier caso yo no decido nada, la poes\u00eda es quien decide por m\u00ed cu\u00e1ndo y c\u00f3mo quiere presentarse.<\/p>\n<ul style=\"text-align: justify;\">\n<li><span style=\"color: #800000;\">\u00bfQu\u00e9 le impulsa a escribir?<\/span><\/li>\n<\/ul>\n<p style=\"text-align: justify;\"><span style=\"color: #000000;\">Lo mismo que me impulsa a respirar, la necesidad de sobrevivir, la curiosidad por mi misma y lo que me rodea.\u00a0<\/span><\/p>\n<ul style=\"text-align: justify;\">\n<li><span style=\"color: #800000;\">\u00bfQu\u00e9 le impulsa a leer?\u00a0<\/span><\/li>\n<\/ul>\n<p style=\"text-align: justify;\"><span style=\"color: #000000;\">La otra necesidad, la de encontrarme en lo que otros escriben.<\/span><\/p>\n<ul style=\"text-align: justify;\">\n<li><span style=\"color: #800000;\">\u00bfQu\u00e9 aporta al individuo el dominio del lenguaje y la dial\u00e9ctica?<\/span><\/li>\n<\/ul>\n<p style=\"text-align: justify;\">Son armas imprescindibles para hacerse entender, para que lo que se quiere expresar sea lo m\u00e1s exacto posible, ser certero con las palabras es lo m\u00e1s complicado y, cuando se consigue, lo m\u00e1s reconfortante.<\/p>\n<ul style=\"text-align: justify;\">\n<li><span style=\"color: #800000;\">\u00bfQu\u00e9\u00a0 ha cambiado en su forma de expresarse con el tiempo?<\/span><\/li>\n<\/ul>\n<p style=\"text-align: justify;\">No ha sido tanto un cambio como una l\u00f3gica evoluci\u00f3n en la profundidad, la exigencia, el rigor a la hora de contar lo que siento.<\/p>\n<ul style=\"text-align: justify;\">\n<li><span style=\"color: #800000;\">Nuestra comunidad est\u00e1 formada b\u00e1sicamente por escritores noveles. \u00bfPor qu\u00e9 es\u00a0 tan dif\u00edcil exponer y contrastar los textos propios con otros y, sobre todo, encajar las cr\u00edticas?<\/span><\/li>\n<\/ul>\n<p style=\"text-align: justify;\">No creo que sea dif\u00edcil exponer los textos, de hecho pienso que suele haber poco pudor a la hora de hacerlo, supongo que tiene que ver con la naturaleza egoc\u00e9ntrica del ser humano; en todos los \u00e1mbitos de la vida es complicado asumir las cr\u00edticas, buscamos constantemente la aprobaci\u00f3n en todo lo que hacemos, pero no somos capaces de asumir cuando no hacemos algo bien y nos lo dicen, sin embargo cuando se supera el trauma inicial del fracaso se entiende que es la \u00fanica forma de aprender.<\/p>\n<ul style=\"text-align: justify;\">\n<li><span style=\"color: #800000;\">\u00bfLa poes\u00eda sigue siendo un arte para minor\u00edas?<\/span><\/li>\n<\/ul>\n<p style=\"text-align: justify;\">No creo que la poes\u00eda haya sido nunca un arte para minor\u00edas, la poes\u00eda es para todo el mundo, para todo el que la necesite, aunque comercialmente parece que no es rentable.<\/p>\n<ul style=\"text-align: justify;\">\n<li><span style=\"color: #800000;\">\u00bfA que aspira como poeta?\u00a0 Y \u00bfC\u00f3mo persona?<\/span><\/li>\n<\/ul>\n<p style=\"text-align: justify;\">Como poeta a merecer ese nombre y como persona tambi\u00e9n.<\/p>\n<ul style=\"text-align: justify;\">\n<li><span style=\"color: #800000;\">\u00bfQu\u00e9 espera de un buen poema?<\/span><\/li>\n<\/ul>\n<p style=\"text-align: justify;\">Que conmueva, que haga pensar.<\/p>\n<ul style=\"text-align: justify;\">\n<li>\u00a0<span style=\"color: #800000;\">\u00bfCu\u00e1les son sus escritores preferidos o m\u00e1s importantes para usted?<\/span><\/li>\n<\/ul>\n<p style=\"text-align: justify;\">\u00bfde cu\u00e1nto tiempo dispongo para responder? La lista resultar\u00eda interminable,\u00a0 importantes son todos de los que he aprendido, desde Gonzalo de Berceo hasta nuestros d\u00edas. Por nombrar algunos actuales y cercanos Eloy S\u00e1nchez Rosillo, \u00c1ngel Paniagua, Federico Gallego Ripoll, Pedro A. Gonz\u00e1lez, Francisco Caro\u2026<\/p>\n<ul style=\"text-align: justify;\">\n<li><span style=\"color: #800000;\">H\u00e1blenos del lector \u00bfQu\u00e9 significa para usted?<\/span><\/li>\n<\/ul>\n<p style=\"text-align: justify;\">El poeta escribe para s\u00ed mismo, nunca pienso en el lector mientras escribo, aunque es finalmente el receptor del mensaje, el que cierra el c\u00edrculo de lo escrito, quien juzga definitivamente la obra, por tanto el primer lector y el m\u00e1s exigente debe ser uno mismo.<\/p>\n<ul style=\"text-align: justify;\">\n<li><span style=\"color: #800000;\">\u00a0\u00bfUn mensaje para todos aquellos que se inician en el arte de contar historias\u2026?<\/span><\/li>\n<\/ul>\n<p style=\"text-align: justify;\">Que sean honestos, que escriban lo que sientan y que lean, que lean much\u00edsimo.<\/p>\n<ul style=\"text-align: justify;\">\n<li><span style=\"color: #800000;\">Lo que quiera a\u00f1adir.<\/span><\/li>\n<\/ul>\n<p style=\"text-align: justify;\">S\u00f3lo dar las gracias al Canal Literatura por haber confiado en m\u00ed para formar parte del jurado de Poemas sin rostro.<\/p>\n","protected":false},"excerpt":{"rendered":"<p>\u00abSer certero con las palabras es lo m\u00e1s complicado y, cuando se consigue, lo m\u00e1s reconfortante.\u00bb \u00a0Mari Cruz Ag\u00fcera respira poes\u00eda por cada poro de su piel y sabe trasmitir esa pasi\u00f3n cuando recita y se iluminan sus ojos con &hellip; <a href=\"https:\/\/www.canal-literatura.com\/Apoesia7\/entrevista-a-mari-cruz-aguera\/\">Sigue leyendo <span class=\"meta-nav\">&rarr;<\/span><\/a><\/p>\n","protected":false},"author":1,"featured_media":0,"parent":0,"menu_order":0,"comment_status":"open","ping_status":"open","template":"sidebar-page.php","meta":{"footnotes":""},"class_list":["post-432","page","type-page","status-publish","hentry"],"_links":{"self":[{"href":"https:\/\/www.canal-literatura.com\/Apoesia7\/wp-json\/wp\/v2\/pages\/432","targetHints":{"allow":["GET"]}}],"collection":[{"href":"https:\/\/www.canal-literatura.com\/Apoesia7\/wp-json\/wp\/v2\/pages"}],"about":[{"href":"https:\/\/www.canal-literatura.com\/Apoesia7\/wp-json\/wp\/v2\/types\/page"}],"author":[{"embeddable":true,"href":"https:\/\/www.canal-literatura.com\/Apoesia7\/wp-json\/wp\/v2\/users\/1"}],"replies":[{"embeddable":true,"href":"https:\/\/www.canal-literatura.com\/Apoesia7\/wp-json\/wp\/v2\/comments?post=432"}],"version-history":[{"count":0,"href":"https:\/\/www.canal-literatura.com\/Apoesia7\/wp-json\/wp\/v2\/pages\/432\/revisions"}],"wp:attachment":[{"href":"https:\/\/www.canal-literatura.com\/Apoesia7\/wp-json\/wp\/v2\/media?parent=432"}],"curies":[{"name":"wp","href":"https:\/\/api.w.org\/{rel}","templated":true}]}}

Entrevista a Mari Cruz Agüera

<p style="text-align: center;"><strong>«Ser certero con las palabras es lo más complicado y, cuando se consigue, lo más reconfortante.»</strong></p>
<p style="text-align: justify;"> <img loading="lazy" decoding="async" class="aligncenter" title="Mari Cruz Agüera" src="https://www.canal-literatura.com/Apoesia7/images/Cruz-Aguera-2012.jpg" alt="Mari Cruz Agüera" width="400" height="300" /><strong>Mari Cruz Agüera</strong> respira poesía por cada poro de su piel y sabe trasmitir esa pasión cuando recita y se iluminan sus ojos con un brillo especial. Su sonrisa abierta y generosa es una invitación sincera a adentrarse en ese pálpito poético creador que ella nos brinda en hermosos y cuidados poemas plenos de sensibilidad y que nos muestran la vida con todos sus matices.</p>
<p style="text-align: justify;">Como habitante de Canal Literatura desde sus inicios, es una internauta experta que comprende muy bien el medio virtual y también el formato de este certamen.</p>
<p style="text-align: justify;"><strong>Mari Cruz Agüera</strong> fue finalista en la segunda edición y segundo premio del<a href="https://www.canal-literatura.com/Apoesia3/" target="_blank"> III Certamen “Poemas sin Rostro”2007</a> con el poema <a href="https://www.canal-literatura.com/Apoesia3/Palabras_inutiles.html" target="_blank">«Palabras inútiles»</a>. Ha formado parte del grupo de lectura en alguna ocasión y muchos de vosotros la conocéis ya que asistió a la <a href="https://www.canal-literatura.com/Fotospremios2008.html" target="_blank">entrega de premios del año 2008</a>. Mari Cruz ha aceptado este reto con ánimo de colaborar en este certamen y con el cariño que siempre a demostrado a Canal literatura y, para nosotros, es un honor contar con ella en esta séptima edición.</p>
<p style="text-align: center;"> <strong>Biografía</strong></p>
<p style="text-align: justify;"><strong>Mari Cruz Agüera</strong> nació en Puerto de Mazarrón (Murcia) en 1967, poeta vocacional y autodidacta, ha sido dos veces ganadora del primer premio de poesía Universidad Popular de Mazarrón (1994 y 2004), ha recibido el Premio al mejor soneto en el certamen provincial &#8216;Cuadernos Culturales Monroy&#8217; (Cartagena 2005) y el Premio al mejor poeta en el mismo certamen (2006).</p>
<p style="text-align: justify;">Por otro lado, recibió el premio María del Villar (2006) por su libro &#8216;El hilo frágil&#8217;, el premio &#8216;Juan Cervera&#8217; (2007), primer premio en el certamen &#8216;Plumier de versos&#8217; (2007) de la Editorial Nuño con el poemario &#8216;Travesía de náufrago&#8217;, o el <strong>2º Premio en el certamen &#8216;Poemas sin Rostro&#8217; del Canal Literatura (2007).</strong></p>
<p style="text-align: center;"><strong>Entrevista </strong></p>
<p style="text-align: center;"><span style="color: #800000;">Pregunta obligada. Podría decirnos, según usted, ¿qué significa el término literatura?</span></p>
<p style="text-align: justify;">Para mí la literatura es tanto una forma de búsqueda como de encuentro a través del lenguaje.</p>
<ul style="text-align: justify;">
<li><span style="color: #800000;">¿Qué relación tiene con Internet y desde cuándo?</span></li>
</ul>
<p style="text-align: justify;">Con Internet tengo una relación estable casi desde sus inicios, lo que al principio fue una curiosidad se ha convertido en una herramienta indispensable para mi trabajo y en mi principal medio de comunicación.</p>
<ul style="text-align: justify;">
<li><span style="color: #800000;">¿Qué opina de la Red y de ésta como soporte literario?</span></li>
</ul>
<p style="text-align: justify;">Para los que vivimos en lugares algo aislados es sin duda una ventana que nos acerca al mundo, también, por supuesto, a la literatura. Como medio de difusión de una obra creo que ha sido un gran avance.</p>
<p style="text-align: justify;"><span style="color: #800000;">¿Qué cree que debe competir, el soporte o el contenido?</span></p>
<p style="text-align: justify;">No creo que sea una cuestión de competencia si no de convivencia, personalmente me interesan los contenidos más que el soporte.</p>
<ul style="text-align: justify;">
<li><span style="color: #800000;">¿Cómo se inicio en la poesía?</span></li>
</ul>
<p style="text-align: justify;">No creo que yo me iniciase en la poesía, mas bien fue la poesía la que se inició en mí desde muy pequeña, lo único que yo hice fue dejar que se abriese camino dentro de mí y darle las herramientas para hacerlo.</p>
<ul style="text-align: justify;">
<li><span style="color: #800000;">Concursó en dos de primeras ediciones del certamen “Poemas sin Rostro” ¿Qué motivo valoró para presentarse?</span></li>
</ul>
<p style="text-align: justify;">Sobre todo lo abierto y sencillo que era participar en él.</p>
<ul style="text-align: justify;">
<li><span style="color: #800000;">También asistió a la entrega de Premios 2008 para recoger el segundo premio ¿Cómo fue su experiencia en el contacto personal con el jurado y con otros participantes?</span></li>
</ul>
<p style="text-align: justify;">Fue un encuentro entrañable, poner por fin rostro a personas con las que había intercambiado opiniones y charlas literarias de forma virtual, y una experiencia enriquecedora el contacto con poetas de la talla de Sánchez Rosillo y Vicente Gallego.</p>
<ul style="text-align: justify;">
<li><span style="color: #800000;">¿Cree que la relación en la web durante el certamen facilita el contacto con otros poetas del mundo?</span></li>
</ul>
<p style="text-align: justify;">Creo que el certamen tal como está concebido facilita el contacto entre aquellos que lo deseen.</p>
<ul style="text-align: justify;">
<li>¿<span style="color: #800000;">Cómo decide que lo que quiere expresar  tome forma en prosa o en poesía? O sólo escribe poemas?</span></li>
</ul>
<p style="text-align: justify;">Sólo escribo poesía, hasta la lista de la compra me cuesta hacerla en prosa, pero en cualquier caso yo no decido nada, la poesía es quien decide por mí cuándo y cómo quiere presentarse.</p>
<ul style="text-align: justify;">
<li><span style="color: #800000;">¿Qué le impulsa a escribir?</span></li>
</ul>
<p style="text-align: justify;"><span style="color: #000000;">Lo mismo que me impulsa a respirar, la necesidad de sobrevivir, la curiosidad por mi misma y lo que me rodea. </span></p>
<ul style="text-align: justify;">
<li><span style="color: #800000;">¿Qué le impulsa a leer? </span></li>
</ul>
<p style="text-align: justify;"><span style="color: #000000;">La otra necesidad, la de encontrarme en lo que otros escriben.</span></p>
<ul style="text-align: justify;">
<li><span style="color: #800000;">¿Qué aporta al individuo el dominio del lenguaje y la dialéctica?</span></li>
</ul>
<p style="text-align: justify;">Son armas imprescindibles para hacerse entender, para que lo que se quiere expresar sea lo más exacto posible, ser certero con las palabras es lo más complicado y, cuando se consigue, lo más reconfortante.</p>
<ul style="text-align: justify;">
<li><span style="color: #800000;">¿Qué  ha cambiado en su forma de expresarse con el tiempo?</span></li>
</ul>
<p style="text-align: justify;">No ha sido tanto un cambio como una lógica evolución en la profundidad, la exigencia, el rigor a la hora de contar lo que siento.</p>
<ul style="text-align: justify;">
<li><span style="color: #800000;">Nuestra comunidad está formada básicamente por escritores noveles. ¿Por qué es  tan difícil exponer y contrastar los textos propios con otros y, sobre todo, encajar las críticas?</span></li>
</ul>
<p style="text-align: justify;">No creo que sea difícil exponer los textos, de hecho pienso que suele haber poco pudor a la hora de hacerlo, supongo que tiene que ver con la naturaleza egocéntrica del ser humano; en todos los ámbitos de la vida es complicado asumir las críticas, buscamos constantemente la aprobación en todo lo que hacemos, pero no somos capaces de asumir cuando no hacemos algo bien y nos lo dicen, sin embargo cuando se supera el trauma inicial del fracaso se entiende que es la única forma de aprender.</p>
<ul style="text-align: justify;">
<li><span style="color: #800000;">¿La poesía sigue siendo un arte para minorías?</span></li>
</ul>
<p style="text-align: justify;">No creo que la poesía haya sido nunca un arte para minorías, la poesía es para todo el mundo, para todo el que la necesite, aunque comercialmente parece que no es rentable.</p>
<ul style="text-align: justify;">
<li><span style="color: #800000;">¿A que aspira como poeta?  Y ¿Cómo persona?</span></li>
</ul>
<p style="text-align: justify;">Como poeta a merecer ese nombre y como persona también.</p>
<ul style="text-align: justify;">
<li><span style="color: #800000;">¿Qué espera de un buen poema?</span></li>
</ul>
<p style="text-align: justify;">Que conmueva, que haga pensar.</p>
<ul style="text-align: justify;">
<li> <span style="color: #800000;">¿Cuáles son sus escritores preferidos o más importantes para usted?</span></li>
</ul>
<p style="text-align: justify;">¿de cuánto tiempo dispongo para responder? La lista resultaría interminable,  importantes son todos de los que he aprendido, desde Gonzalo de Berceo hasta nuestros días. Por nombrar algunos actuales y cercanos Eloy Sánchez Rosillo, Ángel Paniagua, Federico Gallego Ripoll, Pedro A. González, Francisco Caro…</p>
<ul style="text-align: justify;">
<li><span style="color: #800000;">Háblenos del lector ¿Qué significa para usted?</span></li>
</ul>
<p style="text-align: justify;">El poeta escribe para sí mismo, nunca pienso en el lector mientras escribo, aunque es finalmente el receptor del mensaje, el que cierra el círculo de lo escrito, quien juzga definitivamente la obra, por tanto el primer lector y el más exigente debe ser uno mismo.</p>
<ul style="text-align: justify;">
<li><span style="color: #800000;"> ¿Un mensaje para todos aquellos que se inician en el arte de contar historias…?</span></li>
</ul>
<p style="text-align: justify;">Que sean honestos, que escriban lo que sientan y que lean, que lean muchísimo.</p>
<ul style="text-align: justify;">
<li><span style="color: #800000;">Lo que quiera añadir.</span></li>
</ul>
<p style="text-align: justify;">Sólo dar las gracias al Canal Literatura por haber confiado en mí para formar parte del jurado de Poemas sin rostro.</p>

<p>«Ser certero con las palabras es lo más complicado y, cuando se consigue, lo más reconfortante.»  Mari Cruz Agüera respira poesía por cada poro de su piel y sabe trasmitir esa pasión cuando recita y se iluminan sus ojos con &hellip; <a href="https://www.canal-literatura.com/Apoesia7/entrevista-a-mari-cruz-aguera/">Sigue leyendo <span class="meta-nav">&rarr;</span></a></p>
