{"id":18,"date":"2012-03-15T12:35:12","date_gmt":"2012-03-15T11:35:12","guid":{"rendered":"https:\/\/www.canal-literatura.com\/Apoesia7\/?page_id=18"},"modified":"2012-04-05T00:55:53","modified_gmt":"2012-04-04T22:55:53","slug":"mas-informacion","status":"publish","type":"page","link":"https:\/\/www.canal-literatura.com\/Apoesia7\/mas-informacion\/","title":{"rendered":"M\u00e1s informaci\u00f3n"},"content":{"rendered":"<p style=\"text-align: justify;\">Es importante que revise todas las p\u00e1ginas disponibles en esta web, ya que contienen toda la informaci\u00f3n necesaria para participar, sobre todo las <strong>Bases<\/strong>, la informaci\u00f3n del jurado y patrocinadores, as\u00ed como las fechas de convocatoria y plazos.<\/p>\n<p style=\"text-align: justify;\">Todos los poemas y noticias pueden recibir comentarios de los lectores o participantes, <strong>estos ser\u00e1n moderados<\/strong> por el administrador, pero pedimos de antemano que sean respetuosos con las obras presentadas, que intenten ce\u00f1irse al texto (no al autor) y, tanto si los comentarios son favorables como si no, se mantengan en una l\u00ednea de correcci\u00f3n que permita un di\u00e1logo fluido y enriquecedor.<\/p>\n<p style=\"text-align: justify;\">Una vez finalizado el plazo de presentaci\u00f3n de los poemas, entorno al 16 de mayo,se podr\u00e1n votar para elegir el poema\u00a0que obtendr\u00e1 el <strong>PREMIO DEL P\u00daBLICO<\/strong> a trav\u00e9s de diez estrellas que aparecer\u00e1n debajo de cada poema.<\/p>\n<p style=\"text-align: justify;\">El proceso y las normas de votaci\u00f3n se anunciar\u00e1 una vez finalizado el plazo de entrega de originales. Este premio del p\u00fablico, no tiene nada que ver con los tres\u00a0premios del certamen que ser\u00e1n elegidos por un jurado cualificado.<\/p>\n<p style=\"text-align: justify;\">Tambi\u00e9n pedimos a los votantes respeto en las votaciones, s\u00f3lo se puede votar a cada poema una vez, tal como permite el sistema. Nuestros t\u00e9cnicos tienen suficiente experiencia para detectar votaciones fraudulentas en muchos aspectos y no <strong>se dar\u00e1 ninguna explicaci\u00f3n a este respecto cuando haya que descalificar alg\u00fan poema.<\/strong> Los poemas descalificados dejar\u00e1n de tener visibles las estrellas para poder votar.<\/p>\n<p style=\"text-align: justify;\">Gracias por visitarnos y participar. Esperamos que sea una grata experiencia para todos.<\/p>\n","protected":false},"excerpt":{"rendered":"<p>Es importante que revise todas las p\u00e1ginas disponibles en esta web, ya que contienen toda la informaci\u00f3n necesaria para participar, sobre todo las Bases, la informaci\u00f3n del jurado y patrocinadores, as\u00ed como las fechas de convocatoria y plazos. Todos los &hellip; <a href=\"https:\/\/www.canal-literatura.com\/Apoesia7\/mas-informacion\/\">Sigue leyendo <span class=\"meta-nav\">&rarr;<\/span><\/a><\/p>\n","protected":false},"author":1,"featured_media":0,"parent":0,"menu_order":3,"comment_status":"open","ping_status":"open","template":"sidebar-page.php","meta":{"footnotes":""},"class_list":["post-18","page","type-page","status-publish","hentry"],"_links":{"self":[{"href":"https:\/\/www.canal-literatura.com\/Apoesia7\/wp-json\/wp\/v2\/pages\/18","targetHints":{"allow":["GET"]}}],"collection":[{"href":"https:\/\/www.canal-literatura.com\/Apoesia7\/wp-json\/wp\/v2\/pages"}],"about":[{"href":"https:\/\/www.canal-literatura.com\/Apoesia7\/wp-json\/wp\/v2\/types\/page"}],"author":[{"embeddable":true,"href":"https:\/\/www.canal-literatura.com\/Apoesia7\/wp-json\/wp\/v2\/users\/1"}],"replies":[{"embeddable":true,"href":"https:\/\/www.canal-literatura.com\/Apoesia7\/wp-json\/wp\/v2\/comments?post=18"}],"version-history":[{"count":0,"href":"https:\/\/www.canal-literatura.com\/Apoesia7\/wp-json\/wp\/v2\/pages\/18\/revisions"}],"wp:attachment":[{"href":"https:\/\/www.canal-literatura.com\/Apoesia7\/wp-json\/wp\/v2\/media?parent=18"}],"curies":[{"name":"wp","href":"https:\/\/api.w.org\/{rel}","templated":true}]}}